 of c and 75.
15
Suppose 4 + 27 = n - 5*u, 5*n - 35 = -5*u. Let s = -51 + 95. Calculate the greatest common factor of n and s.
11
Let w = 62 + 130. What is the greatest common factor of 18 and w?
6
Let b(o) = o**2 + 6*o - 34. Let n be b(-16). Calculate the highest common factor of 14 and n.
14
Let r be 2 + (0 + 3 - -15). Let z(j) = j - 2. Let u be z(5). Suppose 0*y - u*y + 168 = 4*i, -5*y + 285 = 5*i. Calculate the highest common factor of y and r.
20
Let l(q) = 142 - 142 + q - 2*q**2 + 3*q**3. Let u be l(1). What is the highest common divisor of 2 and u?
2
Let q be 19 + 1/1 + -3. Let g = -9 - -9. Suppose g = -5*v - t + 599, 2*t + 222 = 2*v - 2*t. Calculate the highest common divisor of q and v.
17
Suppose -3*t + 11 = 5*n, 23 = 3*t + 4*n + 7. Let l = -62 - -43. Let d = l + 31. What is the greatest common factor of d and t?
12
Let f = 2 + -12. Let d be ((-75)/f)/(-5)*-14. What is the highest common factor of 84 and d?
21
Let p be ((-9)/(-2))/((-2)/(-28)). Let w = 116 - 109. What is the highest common divisor of w and p?
7
Let x = 30 - 16. Let w = 243 + -6. Let q = w - 139. What is the highest common divisor of q and x?
14
Suppose 0 = 4*c - 26 - 22. Let t be -3*(2 - (-16)/c). Let h be 7024/40 + (-4)/t. What is the greatest common factor of 16 and h?
16
Let y = 2653 - 1489. Calculate the highest common divisor of y and 24.
12
Let z be 242/847 + (-418)/(-7). Calculate the greatest common factor of z and 84.
12
Suppose -35 = -3*h - 2*s + 33, 0 = 4*h + 5*s - 79. Calculate the highest common factor of 1222 and h.
26
Suppose 2*o + o - 260 = -2*k, -k = -3*o + 266. Suppose 4*m - 2*m + o = 3*u, 4*u - 3*m - 117 = 0. What is the greatest common divisor of u and 15?
15
Let t(o) = 54*o + 95. Let h be t(8). Calculate the greatest common factor of 17 and h.
17
Let x(a) = -2*a**2 - 3*a + 39. Let j be x(0). Calculate the highest common factor of 6 and j.
3
Let j be ((-3)/(9/21))/(-1 - 0). Calculate the greatest common divisor of 3 and j.
1
Let t be 126/(12/(-4))*42/(-49). Calculate the highest common factor of 8 and t.
4
Suppose -q = -6*q + 20, 0 = 5*r - 4*q - 184. Let z be -10*((-24)/r)/((-6)/(-4)). Calculate the highest common factor of 1 and z.
1
Let a = 2279 - 2229. Let t(u) = u**2 - 5. Let m be t(-5). Calculate the greatest common divisor of m and a.
10
Let z(b) = 8*b + 21. Let t be z(13). Suppose -10 = -3*n + t. What is the greatest common factor of 5 and n?
5
Let v(d) = -3*d - 1. Let s be v(-1). Let h = 2 + s. Suppose -h*w + 3*y = -45, -y + 3*y = -4*w + 30. Calculate the highest common factor of w and 27.
9
Suppose 5*d - 490 = -0*d. What is the greatest common divisor of 322 and d?
14
Let r = 18 - 16. Suppose 2*d - 237 = 5*u + 3*d, -r*u - 86 = -4*d. Let y = -33 - u. Calculate the greatest common divisor of y and 14.
14
Suppose 2*h - 439 - 39 = 0. Let n(b) = 2*b**2 - 16*b - 41. Let v be n(14). Let s = h - v. What is the highest common divisor of s and 14?
14
Let p(b) = b**2 - 3*b - 8. Suppose r = 2*r + 3*q - 12, -2 = -q. Let c be p(r). What is the highest common factor of c and 15?
5
Let d(n) = -7*n**2 + 64*n - 15. Let s be d(6). Calculate the highest common factor of 27 and s.
9
Let p(m) = 44*m - 108. Let w be p(3). What is the highest common factor of w and 32?
8
Let q(k) = -8*k - 44. Let w be q(0). Let r = w + 74. Calculate the greatest common factor of r and 270.
30
Suppose -u + 22 = 2*h, 0 = -2*h + 6 - 10. Let m be 6 - -6 - (0 - 1). What is the highest common divisor of m and u?
13
Let p(v) = 2*v - 2. Suppose 7*k = 3*k - 228. Let x be k/(-12) - 5/(-20). Let q be p(x). What is the greatest common factor of q and 12?
4
Suppose -4*f + 2*u = -196, -4*f + 2*u + 192 = u. What is the highest common factor of f and 517?
47
Let b be 165/9*12/20. Calculate the highest common factor of b and 253.
11
Suppose m + 5 - 2 = 3*y, 3*m - 15 = -3*y. Suppose -y*z + 210 = -5*l, z - 5*l - 315 = -2*z. What is the highest common factor of 21 and z?
21
Let q be ((-6)/(-15))/((-26)/(-520)). Suppose 0 = 4*y - 3*y - 64. What is the greatest common divisor of y and q?
8
Suppose u = -4*w + 784, -8*u - 1516 = -10*u + 5*w. What is the greatest common divisor of u and 12?
12
Suppose -182 + 10 = -2*h - 2*s, 5*h - 3*s - 470 = 0. Calculate the greatest common factor of 56 and h.
7
Let j = 4596 - 2181. What is the highest common factor of j and 210?
105
Let f = -7 + 11. Suppose -3*n + f*k + 28 = 2*k, 2*k - 42 = -4*n. Suppose -5*c - 3*z + 112 = z, 5*z = 3*c - 45. Calculate the highest common divisor of n and c.
10
Let f be (-2)/(-13) + 2330/(-325)*-5. What is the highest common divisor of 108 and f?
36
Let x be -51*(-1)/(-5 - -6). What is the greatest common factor of 561 and x?
51
Let t(p) = 5*p**2 - 3*p + 2. Let d be t(2). Let v = 189 + -104. Suppose -g = v - 213. Calculate the greatest common divisor of g and d.
16
Suppose 58 = 4*z + 3*s + 2*s, 4*z + 3*s = 62. What is the highest common divisor of z and 51?
17
Suppose k = 5*p - 802 - 1593, 5*p - 5*k - 2375 = 0. Suppose 0*o + p = 3*o. Calculate the highest common factor of 20 and o.
20
Suppose 5*v - 93 = 17. Suppose 0 = 3*b + 2*y - v, 4*y - 42 = -5*b + 2*y. Let q be ((-14)/(-5))/((-4)/(-100)). Calculate the highest common factor of b and q.
10
Suppose n = -n + 5*i + 239, -3 = i. Let o be (-6)/27 + n/18. Let s(g) = 8*g - 34. Let z be s(5). What is the highest common factor of z and o?
6
Let j(v) = 26*v + 1. Let l(u) = 105*u + 3. Let y(d) = -21*j(d) + 5*l(d). Let p be y(-5). Let w = -26 + 35. Calculate the greatest common factor of w and p.
9
Suppose -4*s - 2*x = -2*s - 26, -5*x - 23 = -3*s. Calculate the greatest common divisor of 33 and s.
11
Let v(h) = -h**2 + 16*h + 35. Let t be v(17). Let k = 29 - t. What is the greatest common divisor of k and 22?
11
Let p = -67 + 101. Let k = 76 + -25. Suppose -k = 5*t - 6*t. Calculate the highest common divisor of p and t.
17
Let q be (5538/(-355))/((-4)/10). What is the highest common divisor of q and 156?
39
Let v be 2 + 2690 + 6 + 7/(-7). Calculate the highest common divisor of 93 and v.
93
Suppose 0 = -32*f + 35*f + k - 1929, 4*k = 4*f - 2588. What is the highest common factor of f and 28?
28
Let l(m) be the third derivative of 2*m**5/15 + 3*m**4/8 - m**3/2 + 14*m**2. Let n be l(-3). What is the highest common divisor of 105 and n?
21
Suppose -3*t + t = -m - 2, 2*m - 2*t = -2. Let f be m + (-1 + 3)*50. Calculate the highest common factor of f and 40.
20
Let o be (-56)/42*(15 - (-1 + 1)). Let v be (-17 - o) + 0 + -1 + 0. What is the highest common divisor of v and 24?
2
Let m(v) = -2*v**2 + 5*v - 4. Let g be m(4). Let l = 23 + g. What is the highest common factor of 35 and l?
7
Suppose -3*n + 32 = -j - 14, -5*j + 36 = 4*n. Calculate the greatest common factor of 406 and n.
14
Suppose 0 = o + 2*g - 11, -4*o + 33 = -o - 3*g. Suppose 3*q - 54 = 111. What is the greatest common factor of q and o?
11
Let j = 270 - 123. Let t = 33 - 12. Calculate the highest common factor of j and t.
21
Suppose 3*v + 5 - 47 = 0. Let j be (-2)/(-3*(-1)/183). Let m = 234 + j. Calculate the highest common divisor of v and m.
14
Suppose 2*y + z - 29 + 414 = 0, -3*z + 946 = -5*y. Let m = y + 422. Calculate the greatest common factor of m and 21.
21
Suppose 3*z + 101 = 2*j, -187 = -3*j + 2*z - 38. Suppose -4*w = -0*w - 8. Suppose w = o - 5. What is the greatest common divisor of o and j?
7
Suppose 0 = 5*i - 5, 3*s + i - 2*i = -10. Let u be 40/(s*(-6)/27). Let k(b) = -10*b + 54. Let w be k(3). Calculate the highest common factor of w and u.
12
Let p be (-75)/(-6)*(-4)/(-5). Let d = 13 - p. Suppose -2*k + 42 = 2*c, 5 - d = -2*c. What is the highest common divisor of k and 22?
22
Let p be 1385/20 - 18/(-24). What is the highest common factor of p and 70?
70
Let n be (-24)/(-6) + (1 - (0 + 1)). Suppose 0 = -3*w, -w - n*w - 64 = -4*t. Calculate the greatest common divisor of 176 and t.
16
Let l be ((-33)/2)/1*(-24)/18. Let j = l + -13. What is the greatest common factor of j and 36?
9
Suppose -8 = -2*y, -528 = -4*m - 5*y + 68. Suppose m = -0*x + 2*x. Let b = x + -50. Calculate the highest common factor of 33 and b.
11
Suppose j = -2*n + 21, 4*j - 2*n = -5*n + 84. Suppose -j = -34*d + 33*d. Calculate the highest common divisor of 3 and d.
3
Let h = 20 - -84. Let g be h/(-12) + 1/(-3). Let z = g - -24. Calculate the highest c